
-14
Let x be -46 + ((-6)/(-15))/(1/5). Let m be 16/(-6)*198/x. Let z(r) = m*r**3 + r**2 - 8*r**3 - 5 - 3*r**3. What is z(0)?
-5
Let t(v) be the first derivative of -v**4/4 + 5*v**3/3 + 3*v**2/2 - v + 16. Suppose 34*c = -23*c + 228. What is t(c)?
27
Let v(t) = -4*t. Let i(r) = 8*r + 1. Let y(l) = -3*i(l) - 8*v(l). Suppose -4*n + 11 + 5 = 0. Let z be (-14)/(-8) + 1/n. Calculate y(z).
13
Suppose 0 = 18*q - 12*q - 18. Let l(y) = -13*y - y**3 - 13*y + 25*y - 4*y**2 + q*y**2 - 17. Give l(0).
-17
Let u(b) be the second derivative of b**5/20 - b**4/2 + 5*b**3/6 + 2*b**2 - 852*b. Determine u(5).
4
Let i(h) = h**3 + 20*h**2 + 83*h + 7. Let q(l) = 10*l + 334. Let c be q(-34). Give i(c).
13
Let k(d) be the second derivative of -3*d**5/20 - 5*d**4/12 + 5*d**3/6 - d**2 - 3*d. Calculate k(3).
-113
Let a(q) be the second derivative of q**5/10 - 5*q**4/4 - 5*q**3/3 + 17*q**2/2 + 2*q + 66. Let j be a(8). Let u(o) = -9*o**2 - o. Determine u(j).
-10
Suppose -7*w + 12*w - 3*n = -16, -5*w + 8 = 9*n. Let d(y) = 4*y**2 + 0*y**2 - 2 - y - 3*y**2 + 0*y**2. Calculate d(w).
4
Let g be 3/6*13/(78/60). Suppose g*x + 11 + 9 = -5*s, 0 = -x - 2*s - 9. Let c(v) = -2*v - 9*v + 13*v - 1 + 2*v**3 + 2*v**3. What is c(x)?
5
Let a(c) = c**2 + 1. Let k(o) = -7*o**2 - 8*o - 12. Let t(i) = 6*a(i) + k(i). Let j = 19 - -21. Let n be (9/(-12))/(5/j). Calculate t(n).
6
Let g(t) = t - 2. Let k = 645 + -363. Let j = 288 - k. Determine g(j).
4
Let v(n) = -n**3 + 7*n**2 - 8*n - 2. Suppose 5*j = -9*j - 2940. Let b = 216 + j. Determine v(b).
-14
Let d(j) = 118*j**2 - 59*j**2 - 60*j**2. Let x(k) = -4*k**2 - 8*k - 6. Let y(f) = -3*d(f) + x(f). Give y(-6).
6
Let l(u) = u**2 - 7*u + 6. Let g be 693/210 + 3 + 33/(-10). Give l(g).
-6
Let p(q) = -q**2 - 14*q + 19. Let n be 143/715 - (-132)/(-10). What is p(n)?
32
Let i(q) = 17*q + 55. Let j(l) = -8*l - 27. Let b(v) = -6*i(v) - 13*j(v). Let y be b(-8). Let n be (y - 9)*(2/2 + -2). Let h(d) = d**2 - 5*d + 1. Give h(n).
-3
Let u = 14316 + -14330. Let r(x) = x**3 + 13*x**2 - 14*x - 10. Determine r(u).
-10
Let d be (0 + 1)*(-346)/(2 - 4). Let g = d - 181. Let r(a) = -3*a + 11. Give r(g).
35
Let j(p) = -p**2 + 12. Suppose -5*i - 14*o - 41 = -10*o, 4*i = -3*o - 32. Determine j(i).
-13
Let v be 408/(-52) + 8 - (-204)/26. Let f(l) = -7*l**2 - 7*l**3 - 2 - 6*l + 14*l**3 - v*l**3 - 3. Let z = 7 + -13. Determine f(z).
-5
Let m(u) = -u**3 + 12*u**2 + 13*u - 8. Suppose 0 = -4*x + 2*a + 6, 1 - 5 = -4*a. Suppose 3*g - 42 = -b, -2*b + 45 = -x*g + 5*g. Give m(g).
-8
Let l be (-5 - -3)/(9/(-9)). Let x(c) = 3*c**2 + 8 + l*c**2 + 5*c - 3 + 13*c**3 + c**2 - 12*c**3. Calculate x(-5).
5
Let v(i) be the first derivative of -4*i + 1 - 3*i**2 - 1/3*i**3. Let s be ((-6)/7)/((-2)/(-14)). Give v(s).
-4
Let a(i) = -61270 - 61263 + 4*i + 122464. Give a(11).
-25
Suppose -3*q - 291*d + 3 = -287*d, -4*q + 2*d + 4 = 0. Let o(t) = 12*t - 2. Determine o(q).
10
Let n(y) be the second derivative of y**4/6 + y**3 - 2*y**2 - 112*y. Suppose 4*g + 4*a = 7*a - 24, -2*a = -5*g - 30. Calculate n(g).
32
Suppose 3*f - 16 = g, -3*g + 3*f = -6*g + 12. Let t(k) = 33*k + 10*k - 67*k + 45*k. Calculate t(g).
-21
Let n(u) = 5 - 5*u**2 + 3*u - 3*u**3 - u**3 - 6*u. Let b(o) be the first derivative of o**4/4 - o + 307. Let q(t) = 3*b(t) + n(t). Calculate q(-3).
-7
Let p(s) = 5*s**2 + 40*s + 3. Let r be p(-8). Let x(m) = -2*m**2 - 3*m - 1. Let q(a) = -a - 1. Let v(c) = 4*q(c) - x(c). Give v(r).
12
Let t(p) = -4*p + 3. Let s be 4*(29/(-14) + 64/112). What is t(s)?
27
Suppose 6*h + 0*h + 153 = 23*h. Let p(u) = u**2 - 9*u - 1. Give p(h).
-1
Let u(z) be the first derivative of -z**4/12 - 39*z**2 - 73. Let j(k) be the second derivative of u(k). What is j(7)?
-14
Let r(a) = a**3 - 7*a**2 - 7*a - 6. Let k(d) = 12*d + 29. Let f be k(-2). Suppose f*z - z = 32. Determine r(z).
2
Let q(f) = -f**3 - 7*f**2 - f - 1. Let d = -104 - -185. Let z = d - 88. Calculate q(z).
6
Let y(k) be the first derivative of -k**4/12 - 7*k**3/6 + 93*k - 4. Let s(m) be the first derivative of y(m). Give s(-7).
0
Let g(w) = -43*w**2 + 34*w - 110. Let n(y) = 72*y**2 - 66*y + 221. Let i(c) = -5*g(c) - 3*n(c). Calculate i(5).
2
Let f(z) = 30*z**2 - 5*z - 25. Let l(b) = -87*b**2 + 15*b + 71. Let g(q) = -17*f(q) - 6*l(q). Determine g(-1).
16
Let b(p) be the third derivative of -p**6/360 + p**5/15 + p**4/2 + 20*p**3/3 - 3*p**2 + 3. Let f(k) be the first derivative of b(k). Determine f(9).
3
Suppose 493 = 3*d + 2*r, -4*d - 2*r - 154 = -808. Let p(k) = 7 - 84*k**2 - 78*k**2 - 2 - 4*k + d*k**2. Let h be 1/3 + (-13)/3. Determine p(h).
5
Suppose -3*v = -3 - 12. Suppose n = -j + 7, 0 = -v*j + 3*j - 5*n + 2. Let s(b) = b**3 - 12*b**2 + 12*b - 7. Give s(j).
4
Let t(r) be the second derivative of r**8/6720 + r**7/1260 + r**6/360 - r**5/60 + 43*r**4/4 - 2*r - 2. Let i(y) be the third derivative of t(y). Give i(-2).
-6
Let h(d) = -25*d + 1 - 2*d**3 + 24*d + 2*d. Let x(g) = 7*g**3 + 4*g**2 + 3*g - 16. Let o(t) = 4*h(t) + x(t). Calculate o(5).
-2
Let l = 22 + -16. Let j(u) be the second derivative of 3/2*u**3 - 1/6*u**4 + 0 - 2*u**2 + 12*u. What is j(l)?
-22
Suppose 4*y = -28*r + 31*r - 27, -4*y - 2 = 2*r. Let s(x) = -43*x + 5. Determine s(y).
134
Suppose 0 = 2*l - 37 - 15. Let w = -25 + l. Let z(p) be the third derivative of 11*p**6/120 - p**5/60 + p**4/24 - p**2 - 4*p. Give z(w).
11
Let h = -44 - -55. Let a(t) = -h*t**2 - 20 - t**3 + 23 + 8*t**2 + 3*t. Let g(q) = -q**2 - 4*q - 3. Let u be g(-4). What is a(u)?
-6
Let i(z) = z**3 + 3*z**2 - 5*z**2 - 36 + 30*z**2 - 26*z - z**2 - 18*z**2. What is i(-11)?
8
Let a(m) = 10*m**3 + 4*m**2 - 3*m + 1. Let z(v) = 53*v**3 + 21*v**2 - 15*v + 5. Let w(j) = -22*a(j) + 4*z(j). Determine w(1).
-8
Let a = -76 - -91. Let k be (12/a)/((-2)/(-15)). Let b(d) = d + 1. Determine b(k).
7
Let j(v) = -4*v**2 + 617 + 263*v + 644 - 1285 - 267*v + v**3. Give j(0).
-24
Let l(a) be the second derivative of a**4/12 - 2*a**3/3 - a**2/2 - 4*a. Suppose 219*h - 4*c - 23 = 216*h, 4*c + 3 = -h. Calculate l(h).
4
Let t(n) = 3*n**3 - n**3 - n**3 + 4*n - 4 - 3*n**2. Let f(l) = -l**3 - 47*l**2 - 425*l - 56. Let d be f(-12). Give t(d).
28
Let x(a) = 2*a - 7401*a**2 + 7222*a**2 - a. Calculate x(1).
-178
Let j(r) be the first derivative of r**4/4 - 7*r**3/3 + r**2/2 + r + 7851. What is j(8)?
73
Let r be (1269/39)/3 + 18/117. Let t(l) = l**3 - 9*l**2 - 15*l - 15. Calculate t(r).
62
Let t(a) = -142*a + 33. Let z(s) = -63*s + 16. Let h(i) = -4*t(i) + 9*z(i). Give h(3).
15
Let u(o) = o**2 + 19*o - 13. Suppose -37*v - 56*v + 18*v = 1425. Give u(v).
-13
Let x = 632239 - 632236. Let t(y) = y**3 + y + 6*y**2 + 2 + 0*y**3 - 2*y**3. Determine t(x).
32
Suppose -6 = 3*q, 3*h - q + 8 = -2*h. Let z(c) = -7*c**2 + 16*c + 9. Let g(s) = -3*s**2 + 8*s + 4. Let f(w) = h*z(w) + 5*g(w). What is f(6)?
14
Let u be 10/15 - 38/3. Let j(m) = -369. Let r(o) = -o + 1830. Let d(l) = 5*j(l) + r(l). Give d(u).
-3
Let f(a) = -3*a + 83. Let w be (-16)/36*3*(-162)/12. Give f(w).
29
Let x = 47 - -16. Let h be x/(-45) - 3/5 - 4. Let v be h/4 + 6/4. Let j(n) = n**2 - n + 18. Determine j(v).
18
Let c = -1946 - -1953. Let w(k) = k**3 - 5*k**2 - 6*k - 5. Give w(c).
51
Let f(n) = n**3 + 7*n**2 + 2*n - 1. Let a be 92/(-46) - (1 - -4)*1. Let l(q) = -4*q**3 - 22*q**2 - 7*q + 2. Let y(i) = a*f(i) - 2*l(i). Calculate y(5).
3
Let b(q) = 28*q - 28. Suppose 208*a - 14 = 194*a. Give b(a).
0
Let q(o) be the first derivative of -135 + 2*o**2 + 103 - 94 + 14*o. Calculate q(-4).
-2
Let n(a) be the third derivative of a**4/3 + 5*a**3/2 - 2*a**2 + 3238. Give n(-4).
-17
Let v be 12/54*(-9)/(-1). Let t(p) = 10*p**2 + 2*p - 3. Let h(w) = 5*w**2 + w - 2. Let k(f) = 7*h(f) - 4*t(f). Calculate k(v).
-24
Suppose 5*t + 0*w = -w + 19, -t + 1 = 3*w. Let r(m) = 2*m - 12. Determine r(t).
-4
Suppose -12*z + 77 = -19. Let y(o) = -11*o - 8 + o**3 - 2*o**3 - 3 - z*o**2 + 1. Calculate y(-7).
18
Suppose 2*o = 3*o + 4*w + 26, 3*o = 5*w + 7. Let n = 60 + -60. Let t(z) = z + n*z**2 + 3*z - 2 + z**2 + 2*z. Give t(o).
-2
Let n(s) = 7*s. Let u = -2525 - -2531. Calculate n(u).
42
Suppose -i - 292 = 3*s, 2*s + 21 = -i - 175. Let l be (12/(-8))/(3/(-180)). Let w = l + s. Let u(c) = -c**2 - 4*c - 3. Determine u(w).
-15
Let a(q) be the third derivative of -5*q**4/24 - 7*q**3/3 + 573*q**2 - q. Let t = -35 - -31. Calculate a(t).
6
Let x(